s l(j)?
-2
Let m(u) be the third derivative of u**4/24 - 13*u**3/6 + 67*u**2. What is m(13)?
0
Let n(r) = -8*r - 4 + 4 + 6*r + 2. Determine n(6).
-10
Let y be 2*(2 + 2 + -3). Let w(m) = m**2 - m + 1. Give w(y).
3
Let p = -8 + 3. Let c(f) = -f**3 - 9*f**2 + f + 6. Let k(l) = l**3 + 8*l**2 - 2*l - 6. Let b(q) = p*c(q) - 6*k(q). Let a = -23 - -19. Give b(a).
-6
Let s(l) = l**3 + 3*l**2 - 3*l + 3. Let n(u) = 13*u**2 - u - 1. Let v be n(-1). Suppose -3*f - 3*c + 6 = -2*f, f = 4*c + 13. Let z = f - v. Determine s(z).
-1
Suppose -35 = -0*g + 5*g. Let l = g + 10. Suppose -l*w = 2*w. Let b(f) = -f**2 + f + 6. Give b(w).
6
Let j(i) = -i**3 - 8*i**2 - 9*i + 5. Let d(o) = -7*o + 14. Let f be d(3). Calculate j(f).
19
Let m(i) = -5*i**2 + i + 1. Let r be m(-1). Let t(y) = -2*y**3 + 7*y**2 - 3*y + 5. Let h(n) = n**3 - n**2 - n. Let b(d) = -3*h(d) - t(d). Give b(r).
-10
Let m be (12/15)/(4/40). Let a(j) = m + 5*j - j + j - j. Calculate a(-6).
-16
Let v(s) = 3 - 1 - 3*s + 2. What is v(3)?
-5
Let y(q) = -q**2 + 5*q + 1. Let l(z) = -z**2 - z + 4. Let w be l(0). Calculate y(w).
5
Let x(r) = -r**2 + r + 1. Suppose 3*f - f - 24 = 0. Let i = f - 13. What is x(i)?
-1
Let i(s) = 6*s**3 + 2*s**2 + 5. Let y(x) be the second derivative of -x**5/20 - x**2/2 + 2*x. Let p(b) = -i(b) - 5*y(b). Calculate p(-1).
-1
Suppose b - 3*u = -3, 0 = -5*b + 3*u - 18 - 45. Let g be 6/b*-1*5. Let c(k) = k**2 + 2*k + 1. What is c(g)?
9
Let t(m) = 11*m - 19*m - 3 + 0*m + m**2 - 2*m**2. What is t(-6)?
9
Let d(x) = -4*x**2. Suppose 3 + 1 = 4*p. Suppose 0 = q + 2*s - s, 5*q + 2*s - 6 = 0. Let l = p - q. Give d(l).
-4
Let z(k) = 3*k + 2. Let u(h) = h**3 + 9*h**2 + 8*h - 2. Let b be u(-8). What is z(b)?
-4
Let k(g) = -g - g**2 + 0*g - 8*g**2. Give k(1).
-10
Let y(u) = u + 5. Let q be y(0). Let k be (-1)/(-1) - (6 - q). Let z(x) = 0*x + x + k*x - x**2. Determine z(0).
0
Let o be (-174)/(-24) + 3/(-12) + -2. Let y = 0 + 2. Let x(b) = 3*b + 0 + 3*b**2 - o - y*b**2. What is x(-4)?
-1
Let a(d) = -5*d**3 + d**2 + 8. Let h(s) = -s**3 - s**2 + 1. Let i(x) = -a(x) + 4*h(x). Determine i(5).
-4
Let v(i) = -i - 5. Suppose -5*m + 25 = -10*m. Give v(m).
0
Let i(k) be the third derivative of -k**4/24 + 6*k**2. Give i(6).
-6
Let p(m) = 7*m - 7. Let w(d) = 3*d - 3. Let r(g) = -4*p(g) + 9*w(g). Let i = -45 + 24. Let k be ((-7)/i)/((-1)/(-3)). Determine r(k).
0
Let g(l) = -l - 2. Let o be 0*(1 + 1/(-2)). Let h = o + -15. Let j be (-2)/(21/h + 1). Determine g(j).
-7
Let z(h) = 1 - 2 + 0 - h - 3*h. Determine z(-1).
3
Let b(s) = 3*s + 2. Let m = 3 + -6. What is b(m)?
-7
Suppose 2*q = 7*q + 5, -4*x - 13 = -3*q. Let d(l) = 3*l. Let s(m) = m - 1. Let r(f) = -2*d(f) + 4*s(f). Give r(x).
4
Let r(t) be the first derivative of -t**6/120 - t**5/10 - t**4/24 - t**3/6 - 2*t**2 + 5. Let w(s) be the second derivative of r(s). Give w(-6).
5
Let y(g) = -g**2. Let c be y(-1). Suppose 2*s = a + 2 + 7, s = 3*a + 17. Let j(v) = s*v**2 + 5 + 2*v + 0*v**2 - 4. Calculate j(c).
1
Let l(h) = -h**3 + 13*h**2 - 5. Let p be l(13). Let c = 7 - 4. Let y(v) = -c*v**2 + 5*v**2 - 3*v**2 + 4 - 6*v. What is y(p)?
9
Let y(f) = f + 1. Let u be y(3). Suppose -u*v - 4 = -12. Let c(n) = -6 + v + 0 + 2 - 2*n. What is c(-2)?
2
Let g(h) = -3*h**3 + 4*h**2 + 5*h + 5. Let w(n) = 16*n**3 - 20*n**2 - 26*n - 25. Let s(i) = 11*g(i) + 2*w(i). Let r = 20 - 15. Give s(r).
-5
Let q(c) = -c - 4. Suppose 29 + 7 = -6*x. Calculate q(x).
2
Let o(t) = -t**3 + 6*t**2 - 8*t + 7. Let d = -12 + 17. Give o(d).
-8
Let i be 2/((-5)/(10*-1)). Let a(x) = -x**3 + 4*x**2 - 2*x + 2. What is a(i)?
-6
Let f be 3*(1 + 10/(-15)). Let r(l) be the first derivative of -5/3*l**3 + 0*l**2 + 1 + l. Determine r(f).
-4
Suppose 0 = 5*s + 4*u - 41 - 25, 0 = -2*s - 5*u + 23. Let m = 3 - 7. Let v be m/s - (-37)/7. Let y(t) = -t**2 + 4*t + 6. Give y(v).
1
Let v(k) = k + 6*k**3 - 5*k**3 + 2*k + 5 - 6*k**2 + 10*k**2. What is v(-4)?
-7
Let h(f) = -5*f - 3*f + 3*f - 4. Let n = -29 - -26. What is h(n)?
11
Let s(n) be the third derivative of -n**4/24 - n**3/6 - 2*n**2. Let p = 3 - 1. Suppose -4*z - p = -3*z + y, -4*y = 8. Determine s(z).
-1
Let y(d) = -22*d**2 + 0*d + 3 + 21*d**2 + 2*d. Let z(t) = t**3 + 2*t**2 - 2*t + 1. Let n be z(1). Let c be (1 - -1) + n + -1. Determine y(c).
0
Let c(r) = -r**3 - 2*r**2 + r - 1. Let d be c(-3). Let g(x) = -5*x**2 - 4*x**3 + 8*x**2 + d*x**3 + 3. Calculate g(-3).
3
Suppose -2*l = -3*l - 2. Let i(y) = -y**3 - 3*y**2 + 2*y + 3. Determine i(l).
-5
Let g(c) be the second derivative of -c**4/12 + c**3/2 - c**2/2 - c. Let k = 1 - -1. Determine g(k).
1
Let z be 4/3*(-45)/(-10). Let q(v) = 3*v - 8. Determine q(z).
10
Let t(a) = -6*a**3 - 7*a**2 + a + 3. Let m(n) = -11*n**3 - 13*n**2 + 2*n + 5. Let w(x) = 4*m(x) - 7*t(x). What is w(-3)?
23
Let d = 15 - 10. Suppose 3*b - 35 = d*v, -2*v - 2 = 2*b - 4. Let c(r) be the second derivative of r**3/3 - 7*r**2/2 + r. Calculate c(b).
3
Let u(r) = -r**3 + 4*r**2 - 3*r - 3. Suppose -w + 2*w = 3. What is u(w)?
-3
Let n(d) = -5 - 1 + 4*d**3 - 5*d**3. Let j(k) = 7*k**2 + 3*k + 6. Let w(y) = 8*y**2 + 3*y + 7. Let z(m) = 7*j(m) - 6*w(m). Let g be z(-3). Calculate n(g).
-6
Suppose -4*c + 5*x + 90 = 4*x, 54 = 2*c + 4*x. Suppose 4*b = -1 - c. Let j(h) = -h - 7. Calculate j(b).
-1
Suppose -m - 10 = -5*k - 0*k, 0 = m + 4*k - 17. Let b(a) = -2*a + 6. Give b(m).
-4
Let z(y) = 5*y**3 - 11*y**2 + 7*y - 2. Let p(g) = 2*g**3 - 6*g**2 + 4*g - 1. Let k(f) = -11*p(f) + 6*z(f). What is k(-1)?
-7
Let i(z) = 2*z - 7. Let j = 14 - 9. Let s be i(j). Let u(v) = v - 3. Give u(s).
0
Let p(a) = -3*a**2 - a**2 + 3*a**2. Let h(j) = -j**2 + 5*j + 8. Let x be h(6). Suppose 3*o = -0*o + x*w + 4, -3*o = -4*w - 14. What is p(o)?
-4
Suppose 3*r = -2*j + 1, -3*j + 1 = r - 4. Let h(w) = -2*w**2 - 14*w**3 - w**3 - 1 - 2*w + 2 - 2. Determine h(r).
14
Suppose -2 = 2*p - 0*p. Let f = -2 + p. Let n(v) = -2*v**3 - 5*v**2 - v - 4. Let r(j) = j**3 + 3*j**2 + j + 2. Let b(c) = 2*n(c) + 5*r(c). What is b(f)?
11
Let j(y) be the first derivative of -2*y**2 - 27. What is j(1)?
-4
Let x = -39 + 39. Let g(u) = u + 5. Calculate g(x).
5
Let r be 6/5*(-30)/6 - 3. Let n(v) = -v**2 - 8*v + 1. Calculate n(r).
-8
Let a(j) be the second derivative of -j**4/12 - 3*j**3/2 - 4*j**2 - 19*j. Calculate a(-7).
6
Let w(p) = p + 15. Let n be w(-7). Suppose 4*x = 20, 2*l + 4*x - 20 = n. Suppose -2*m + 3 = u, -l*u - 2 = m - 0*u. Let t(c) = c. Calculate t(m).
2
Let q(s) = s - 7. Let a be q(10). Let l(z) = -z**3 + 5*z**2 - 5*z + 3. What is l(a)?
6
Let t(f) = f**3 - 6*f**2 - 2*f + 6. Let y be (-5 - -3) + -1 - -3. Suppose y = 5*m - 2 - 28. Give t(m).
-6
Let a(x) = -2*x - 9. Suppose -5*n - 105 = -5*d - 40, -2*d - 37 = 5*n. Determine a(n).
9
Let d(n) = 8*n**2 + 5*n**3 + n - 10*n**2 - 22*n**3. Suppose -z = -3*u + 8, 0 = -2*u - z - 3. What is d(u)?
-18
Let d be (3/(-6))/((-6)/36). Let j(f) = 3*f. Determine j(d).
9
Let l(x) be the first derivative of -5/6*x**3 - 1/20*x**5 - 3/2*x**2 - 2*x - 5/12*x**4 + 3. Let n(g) be the first derivative of l(g). Determine n(-4).
1
Let w(x) = -x**2 + 6*x + 1. Let u(d) = -d**2 + 7*d. Suppose -b - 3*t + 2 = -1, 4*t = 8. Let i(q) = b*w(q) + 2*u(q). Give i(5).
2
Let v = -20 - -16. Let n(p) = p**3 + 3*p**2 - 4*p + 5. Determine n(v).
5
Suppose -5*v + 2*a = a - 3, 3*v = -5*a - 15. Let w(z) = -z**3 - z**2 + z - 2. Let j = -4 - -3. Let b(f) = f - 1. Let y(u) = j*w(u) + 2*b(u). Determine y(v).
0
Let q be -2 + (-1)/1 + 0. Let z(x) be the second derivative of x**4/12 + x**3/2 - 3*x**2/2 + x + 92. What is z(q)?
-3
Let q = -17 + 11. Let a(r) = -16*r - 15*r + 2 + 32*r. Give a(q).
-4
Let n(k) = -12*k**2 - 3*k + 5*k**2 - 7 + 8*k**2. Let y be n(5). Let d(v) = -5*v**2 + 2*v**y + v**3 + 3*v - 5 - 4*v**3 + 3*v. What is d(-6)?
-5
Let a(i) = -4*i - 12. Let y be a(-4). Let z(v) = -v**2 + 4*v - 5. What is z(y)?
-5
Let i(c) be the first derivative of -c**2 - 2*c + 2. What is i(3)?
-8
Let l(i) = -i + i + 4 + 2*i. Let n(y) = -y**3 + 5*y**2 + 6*y + 4. Let u be n(6). Suppose -u*x = -x + 12. Give l(x).
-4
Let q(f) = 2*f - 8 - 2*f - f. Let o be q(-5). Let l(h) = h**3 + 5*h**2 + 5*h + 2. Determine l(o).
5
Let u(v) = -v + 4. Suppose 13 - 5 = 4*f. What is u(f)?
2
Let g(c) = -5 + 7*c**3 + 3*c**2 + 4 - 2 - 8*c**3 + 6*c. Give g(4).
5
Let d be (-124)/(-12) - 1/3. Suppose 2*m - h + 11 = -3*m, -h - d = 2*m. Let k(r) = r - 2